b**2/2 + 21*b. Give f(-7).
6
Let h = -114 + 87. Suppose b - 3*o + 116 = 5*b, b + 4*o - 16 = 0. Let t = h + b. Let k(m) = m**2 - 6*m - 3. What is k(t)?
-8
Let t(m) = 11*m + 28. Let r be 12*(-23 + (-546)/(-24)). Calculate t(r).
-5
Let z(n) = -n**2 + 3*n + 21. Let u be z(-3). Suppose 0 = 31*s - 39*s + 32. Let j(a) = 3*a - 198*a**3 + 179*a**u - s*a. Calculate j(1).
-20
Let a(m) be the second derivative of 1/4*m**4 - 1/20*m**5 + 1/6*m**3 + 11*m - 1/2*m**2 + 0. Let r be -5*(24/(-15) + 1). Determine a(r).
2
Suppose -10 = 2*s - 18. Suppose 0 = -c - j, 0 = 2*c + 5*j - j + s. Let w(d) = 5*d - 9. Let u(q) = -5*q + 11. Let o(g) = 4*u(g) + 5*w(g). Calculate o(c).
9
Let x(i) be the first derivative of i**2 + 13*i + 837. Calculate x(5).
23
Let j(v) = 39 - 150 + 31 + 43 + 29*v**2 + 42 - 4*v. What is j(2)?
113
Let g = 266 - 261. Suppose 0 = -2*l - 5*h - 2, -g*l - h + 6 + 12 = 0. Let q(a) = -a + 8. Determine q(l).
4
Let l be -28 + (-2890)/(-70) + 2/(-7). Let i(h) = 9*h - 83. Determine i(l).
34
Let h(u) = -7*u + 68. Suppose -21*d - 3*l + 42 = -18*d, 4*d + 2*l = 48. Calculate h(d).
-2
Suppose -5*b - 23 = -2*n, -4 + 29 = 4*n - 3*b. Let k(j) = -9 + 1 + 5*j**2 + 11*j - j**2 - 2*j**2 - j**3. Calculate k(n).
4
Let g(d) = -d + 0*d + 2*d. Suppose -7*p = -8*i + 3*i - 51, 0 = -2*i - 2*p - 6. What is g(i)?
-6
Let x be -1 + (-677)/3 - 96/72. Let t = x + 220. Let m(c) = c**2 + 10*c + 9. Determine m(t).
-7
Let a(s) be the third derivative of -s**4/6 - 2*s**3/3 - 1746*s**2. Calculate a(-8).
28
Let g = -11 + 7. Let v(o) be the first derivative of 1/4*o**4 + 5 + 5*o + 5/2*o**2 + 5/3*o**3. Calculate v(g).
1
Let n(j) = j**2 + 12*j + 28. Let a be -5*(14 - 15) - 13. What is n(a)?
-4
Suppose -10 = -5*t - 7*h + 11*h, t - 2 = h. Let c(k) be the second derivative of -k**5/20 + k**4/6 - k**2 - 12*k. Calculate c(t).
-2
Let m(w) = -w**3 + 5*w**2 + 9*w - 8. Let g(f) = -3*f + 14. Let x be g(12). Let h = 29 - x. Let u = h - 45. What is m(u)?
10
Let v(x) be the third derivative of 1/3*x**4 - 1/30*x**5 + 0*x - 36 - x**2 + 5/6*x**3. Determine v(6).
-19
Let r(w) = 7*w**2 - 12*w + 21. Let q(s) = 19*s**2 - 35*s + 61. Let l(o) = -4*q(o) + 11*r(o). Let t be (-7 - (-8)/2) + -7. What is l(t)?
7
Let y(z) = 11*z**2 + 16547513 - 16547513. What is y(1)?
11
Let k be 12/(-54) + 4 + (-4)/(-18). Let g(m) = -2*m - 3*m - k*m**2 - 6*m - 3 + 7*m. What is g(-2)?
-11
Suppose -3*o - 4*r = -8*o + 30, o - 4*r = -10. Let m(j) = j**2 - 8*j - 16. Give m(o).
4
Suppose a + 0*a - 4*d = 0, 3*d = 5*a - 85. Let x be (6/15*a)/(2*1). Suppose 16 = -2*q - 2*r, -x*q + 0*r - 17 = -r. Let c(g) = g**2 + 6*g + 6. Determine c(q).
1
Let o be ((-42)/12)/(21/(-78)). Let m(y) = y - 3. Let p be m(6). Let f(r) = -o + 22 + r - 2*r**p - 7. Calculate f(2).
-12
Let a(v) = v**3 + 4*v**2 + 7. Suppose 15*b = 19*b - 20. Suppose 0 = 3*s - t + 17, -b*s + 8*s + 19 = 2*t. What is a(s)?
-18
Suppose 21*j + 3219 - 3702 = 0. Let d(q) = 13*q - 300. What is d(j)?
-1
Let z(l) = 2*l - 58. Let c(s) = s**3 - 21*s**2 + 68*s - 20. Let a be c(3). Calculate z(a).
-14
Let q(p) = -p**3 + 29*p**2 - 31*p + 79. Suppose 0 = -46*i + 42*i + 4*k + 136, i - 3*k = 46. Give q(i).
-5
Let v(s) = -s**3 - 3*s**2 + 3*s - 5. Suppose -7*b - 32 = -11*b. Let q = 4 - b. What is v(q)?
-1
Let n(v) = v**2 - 8*v. Let l(q) = q**3 + 11*q**2 - 10*q + 28. Suppose 3*r + 56 = -4*s - r, 4 = -2*r. Let k be l(s). What is n(k)?
-16
Let x(q) = -15*q + 8 + 22*q - 8*q. Let n be (-4 - (-40)/4)*(-6)/(-9). Give x(n).
4
Let c(r) = 26*r**3 - 7*r**2 + 68*r - 19. Let y(j) = -12*j**3 + 3*j**2 - 30*j + 9. Let i(d) = -4*c(d) - 9*y(d). Determine i(-1).
-6
Suppose 2*b - 9*t = -4*t - 20, -t = -4. Let p(m) = -m**2 + m + 1. Let w(q) = -4*q**2 + 4*q + 7. Let g(o) = 5*p(o) - w(o). Calculate g(b).
-2
Let g(k) = 512*k - k**3 - 508*k + 58 - 62 + 2*k**3 - 2*k**2. Let d be 5 + -2*(-3)/(-2). Calculate g(d).
4
Let i(c) = 4*c**2 - 37*c - 19. Let n(g) = g**2 - 12*g - 4. Let h(f) = 2*i(f) - 7*n(f). Determine h(-14).
46
Let c(f) = f**3 - 66*f**2 + 262*f - 874. Let d be c(62). Let t(r) = -2*r**3 - 10*r**2 - 9*r - 17. What is t(d)?
109
Let i(u) be the third derivative of u**6/720 - u**5/120 + 55*u**4/12 - 2*u**2 + 56*u. Let o(d) be the second derivative of i(d). What is o(-5)?
-6
Let p(y) = -y**2 - 4*y - 5. Let h be (-756)/(-42) + 2*-3. Suppose 2*k + 4*m = -h, -2*m = -4*k + k - 10. Give p(k).
-5
Let j = 22556 + -22550. Let w(y) = -y**2 + 5*y + 7. Determine w(j).
1
Let o(n) = -n**2 + 10*n - 9. Let t = -151 - -166. Suppose -9*p - 54 = -t*p. Calculate o(p).
0
Let l(h) be the second derivative of 7*h**5/20 - 7*h**3/6 + 3*h**2 + 322*h + 2. Calculate l(2).
48
Let x(n) = -2*n + 16. Suppose -164*y + 119*y = -315. Give x(y).
2
Let t(o) be the third derivative of -5*o**4/8 + 50*o**3/3 + 2375*o**2. Give t(7).
-5
Suppose 3*j - 6 = -12 + 3. Let d(c) = 5*c**2 - c - 1. Give d(j).
5
Let s(q) be the third derivative of q**4/6 + 25*q**3/3 - q**2 - 96. What is s(-10)?
10
Let k be 22/(-10) + 1841/805 - 922/23. Let h(d) = -d**2 - 41*d - 40. What is h(k)?
0
Let n be 18/4 - 12/24. Let j(w) be the first derivative of -w**2 + 6*w + 37. Let p(r) = 1. Let y(s) = -j(s) + 2*p(s). Give y(n).
4
Let g be (4 + -16)/((-4)/3). Let k = g + -6. Let j(x) be the second derivative of x**4/12 - 2*x**3/3 + x**2/2 - x. Determine j(k).
-2
Let u be (-7 - 140/(-21))/(2/(-324)). Let o(b) = u - 57 + 2*b - 4*b + 9*b. Calculate o(3).
18
Let b(y) = y**3 - 2*y**2 - 4*y - 3. Let a = 8 + 3. Let n = -31 + a. Let d be 3/(-2)*n/(-15). Calculate b(d).
-11
Let j be (-122)/(-305) - (-99)/15. Let k(h) = 3*h**3 - h**2 + 2*h - 1. Let r be k(1). Let q(a) = 3*a**2 - r*a**2 - 8*a + 3 - 1 + a**2. Determine q(j).
-5
Let c = -80 + 82. Let t(o) = -6 + 2 + o + c*o**2 - 3 + 7*o + 2. Determine t(-4).
-5
Suppose -5*q - 60 = -3*f - 2*f, -5*f + 72 = -q. Suppose -4*l + 5*a = 8, f = -5*l - 7*a + 12*a. Let v(o) = 6*o - 3 + 3*o**2 - 2*o**2 - 3. Determine v(l).
1
Suppose -2*i = -2*z + 50, z + i = -2*z + 91. Suppose -z = 6*j - 47. Suppose -27 = j*k - 18. Let n(r) = 2*r - 4. Give n(k).
-10
Let k(x) = x**2 - 10*x - 37. Let g be k(13). Suppose 0 = -16*t + 15*t + g. Let n(p) = 3*p**2 - p**t - 2*p**3 - 3*p**2 + 3*p**3. Determine n(-2).
-12
Let c(q) = -3*q**2 + q - 3. Let t be c(1). Let y(j) = j**2 + 8*j. Determine y(t).
-15
Let w(u) be the first derivative of -2 - 9*u + 4*u**2 + 2*u**3 - 1/4*u**4. Suppose 311*i - 2227 = -63*i + 391. Give w(i).
-2
Let n(s) be the first derivative of 4*s**2 - 27*s - 936. Calculate n(5).
13
Suppose -3*h = 15, -5*m - 80 = 2*h - h. Let t(g) = -4*g - 66. Calculate t(m).
-6
Let c be (-10*(-12)/(-30))/2*-1. Let w(r) = -3*r**3 + 5*r**2 - 7*r + 4. What is w(c)?
-14
Let f be (2*(-5)/30)/((-4)/24). Let n(k) = -3*k**3 - 4 - 20*k**f + 45*k**2 - 20*k**2 + 2*k**3 + k. Calculate n(5).
1
Let z(m) = m**2 - 3 - 6*m + 6*m. Let c be (285/171 + 5/(-3))/(3 - -1). What is z(c)?
-3
Let c(n) = n + 2. Let d be -4 + 3 - -44 - 3. Let v(z) = d*z - 1 - 43*z + 33. Let t be v(10). Calculate c(t).
4
Let j(z) be the third derivative of -z**4/24 + 11*z**3/6 - 10*z**2. Let b be (-6 - -4)/(-2)*2. Suppose -r = 7*r + b*r. Give j(r).
11
Let y(l) be the first derivative of -4/3*l**3 - 277 + 2*l**2 - l + 1/4*l**4. What is y(2)?
-1
Let x(z) be the first derivative of z**3/3 + 5*z**2/2 + 8*z - 866. Calculate x(-7).
22
Let h = 411 - 190. Let l = h + -231. Let y(t) = -t**3 - 9*t**2 + 11*t + 11. Determine y(l).
1
Let t(h) = h**2 + h - 1. Let s be ((-28)/(-8) - 3)*10. Suppose -s = -5*g, -g - g + 170 = 2*k. Let l = 85 - k. Determine t(l).
1
Let i(r) = 2*r + 19. Suppose o - 8 = -w, 0*o = -5*w - o + 28. Suppose 24*v - 21*v + 4*n = -9, -w*n = -15. Calculate i(v).
5
Let k(i) = i**3 + 22*i**2 - 26*i - 25. Let o be k(-23). Let w(b) = -o*b + 1 - 36*b + 81*b - b**2. What is w(6)?
-29
Let l(f) = f**3 + 8*f**2 + 16. Let n = -6132 + 6125. Give l(n).
65
Let h(s) = -s**2 - 9*s + 8. Let a = -234 + 195. Let k be (-12)/(-54)*a + 8/12. Give h(k).
16
Let d(x) = -1 + 1 - 4 - x. Let o be (1/(-3))/(167/(-21) + (1 - -7)). Calculate d(o).
3
Let b(d) = 6*d + 6. Let g be b(3). Suppose 21*t - 6 = g*t. Let w(c) = -8*c + 1. Let u(z) = 39*z - 6. Let i(k) = -2*u(k) - 11*w(k). Give i(t).
-19
Let a(i) = i - 9. Let d(h) = -4*h**3 - 11*h**2 + 24*h - 23. Let v(j) = -j**3 + j**2 - j - 1. Let s(m) = -d(m) + 5*v(m). Let p be s(14). What is a(p)?
-5
Let s(t) = 5*t**2 + 47